he hundreds digit of ((-11)/(-33))/((-1)/(-996))?
3
Let f = 504 + 1004. What is the units digit of f?
8
Let o(l) = -5*l + 1 + 11*l**2 - l**3 + 7 - 2*l**2. Let a be o(8). Suppose -a = -4*d + 12. What is the tens digit of d?
1
Suppose 0 = 3*o - 15 + 3. Suppose 8*y - 88 = o*y. What is the tens digit of y?
2
Let q(w) = w**2 - 9*w + 18. Let u be q(7). Suppose -3*f + 237 = 3*b, f - b - 89 = -u*b. What is the tens digit of f?
7
Let k = -806 + 1502. What is the hundreds digit of k?
6
Suppose 41*w = 44*w - 1269. What is the units digit of w?
3
Suppose 3*p + 1119 = 75. Let l = -204 - p. What is the tens digit of l?
4
Let i(n) = -4*n**3 + 17*n**2 + 6*n - 16. What is the tens digit of i(-7)?
4
Suppose 2*h - 5*p - 39 = 0, 2*h - 3*p = 4*h - 47. Let g = h - 14. What is the units digit of g?
8
Let w be (2/2*5)/1. Suppose 5*i - 6*l = -3*l + 272, w*i = -l + 256. What is the tens digit of i/3 + 14/21?
1
Let c(h) = 6*h**2 - h + 23 - 2*h - h**3 - 22. Let k = -8 - -11. What is the units digit of c(k)?
9
Let l(z) = -z**3 + 12*z**2 - 6*z + 7. Let i be l(9). Suppose -5*v + i = 2*v. What is the tens digit of v?
2
Let z(l) = l**3 + 6*l**2 - 7*l - 6. Let q(r) = r**2 + 8*r + 7*r - r + 2*r + 10. Let t be q(-15). What is the tens digit of z(t)?
5
Let n(a) = -8*a - 13. Suppose -5*j - 65 - 25 = 0. What is the tens digit of n(j)?
3
Let g(o) = -169 + 178 + 5*o + o. What is the units digit of g(13)?
7
Let p = 521 + -155. Let a = p + -228. What is the units digit of a?
8
Suppose 10030 = -3*r - n, 0*n - n = -5*r - 16730. What is the tens digit of r/(-75) - (-4)/10?
4
Let b(w) = -w**3 - w**2 - 5*w + 1. Let x(h) = -h - 11. Let p be x(-7). Let c be b(p). Suppose c = q - 1. What is the tens digit of q?
7
Let j(d) = -d - 3. Let i be j(-7). What is the units digit of (-2)/(i + 114/(-27))?
9
Suppose 28*p - 5747 = 1197. What is the hundreds digit of p?
2
Let s be (-264)/9*(-45)/12. Let h = s + -54. What is the units digit of h?
6
Let p(l) = l**2 + 4*l - 1. Let b be p(-5). Suppose -122 = -b*u + 298. Suppose -3*k = -8*k + u. What is the units digit of k?
1
Suppose -69*t + 6432 = -61*t. What is the hundreds digit of t?
8
Let v(o) = -11*o + 29. Let g(q) = 56*q - 144. Let h(d) = 5*g(d) + 24*v(d). What is the hundreds digit of h(10)?
1
Let u(m) = 5*m - 6. Let c be u(2). Suppose b + 26 = 2*f - 15, b + 83 = c*f. What is the units digit of f?
1
Let g(n) = 7*n**2 + 2*n - 3. Let i be g(1). Suppose 3*u - 302 = z - i*z, -318 = -3*u + 3*z. What is the units digit of u?
4
Suppose 2*x + 4 = -0*x. Let g be 5 + x*(-3)/(-6). Suppose -a = g*a - 120. What is the tens digit of a?
2
What is the tens digit of ((-10)/(-13))/(-5) - (-4994)/13?
8
Suppose -194 = -3*f + 5*x, -2*f = x - 200 + 75. Let g(d) = d**3 - 6*d**2 + d - 2. Let h be g(6). Suppose f = h*s - 5. What is the tens digit of s?
1
Let u(n) = -n + 5. Let r be u(2). Suppose -5*g - r*d + 5 + 8 = 0, -4 = -4*g - 4*d. Suppose 37 = c + g. What is the tens digit of c?
3
Suppose -5443 = -3*c + 122. What is the hundreds digit of c?
8
Suppose 137*t + 39116 = 151*t. What is the thousands digit of t?
2
Suppose 0 = -5*a + l + 2, -8 + 4 = 4*a + 2*l. Let m(c) = c**3 - 5*c**2 - 6*c + 3. Let r be m(6). Suppose r*q - 5*q + 130 = a. What is the units digit of q?
5
Suppose 10 = 2*a, -5*w + 4*a = 36 + 9. What is the units digit of (-2)/(-6)*(-195)/w?
3
Let v(g) = -g**3 + 19*g**2 - 17*g - 16. Let o be v(18). Suppose 0 = -2*q + 1 + 3, -o*f - 5*q = -26. Let w(d) = d. What is the units digit of w(f)?
8
What is the tens digit of 9836/28 + (-8)/28?
5
Suppose -5*y + 3465 = 8*i - 3*i, i = -2*y + 689. What is the units digit of i?
7
Let p(z) = -4*z - 1. Let j be p(-2). Let f = j - 1. What is the units digit of f/(-4) - 105/(-14)?
6
Let v = -193 + 65. Let r = v + 214. What is the units digit of r?
6
Let n be (3 - 3)/(-2 - -1). What is the tens digit of (n + 2)*-8*-4?
6
Suppose 2*i = 5*q - 2*i - 1831, -3*q + 1096 = -5*i. What is the tens digit of q?
6
Let p(l) = -l + 36. Let x be p(-6). Suppose 3*q - 453 = -x. What is the units digit of q?
7
Let n(s) = 10*s**2 + 12*s - 2. Let l be n(-9). Suppose l = -2*b + 9*b. What is the units digit of b?
0
Let i be 13/91 - 1/7. What is the units digit of (-1950)/(-100)*1*(i - -2)?
9
Suppose -18*o = -13*o + 30. What is the units digit of 76 + (2/o)/((-2)/12)?
8
Suppose 269 = 5*k - 31. Let q = 125 - k. What is the tens digit of q?
6
Let n(k) = 2*k**2 + 4*k + 12. Let p be n(-5). Suppose p = 6*u - 4*u. What is the tens digit of 1 + (-6 - -3) + u?
1
Let m(z) = -2*z + 6. Let t be m(2). Suppose 191 = 4*h + 3*w, -h - 52 = -t*h - 5*w. What is the tens digit of h?
4
Suppose -7 = -2*n + 3. Let w(m) = m**2 - 5*m + 3. Let f be w(n). Suppose 0 = -2*j - f*j + 310. What is the units digit of j?
2
Suppose 0*f = -2*f. Let j = f + 33. What is the units digit of j?
3
Let r(l) = -l**3 + 11*l**2 - 9*l + 14. Let f be r(10). Let t = 25 - f. Let g(i) = 36*i**2 + i - 2. What is the units digit of g(t)?
5
Let r be 6396/15 + 12/(-30). Suppose 6*o = -0*o + r. What is the tens digit of o?
7
Suppose 4*c + 3*o - 132 = 0, c - 2*o = -3*c + 132. Suppose -5*p + c = 8. Suppose -i + v + 6 = 0, 2 = p*i - 2*v + 4*v. What is the units digit of i?
2
Let l(g) be the second derivative of g**5/20 + g**4/4 + g**3/3 + g**2/2 - 3*g. Let n be l(-2). What is the units digit of 2 - n*(-3 - 29)?
4
Let z(k) = 3*k**3 - 19*k**2 - 33*k - 29. Let p(w) = -w**3 + 6*w**2 + 11*w + 10. Let c(o) = -8*p(o) - 3*z(o). What is the tens digit of c(8)?
5
Suppose -4*j + 43 + 125 = 0. Suppose m - 52 = j. What is the tens digit of m?
9
Let w(n) = -145*n + 24. What is the tens digit of w(-3)?
5
Suppose -d - 2 = -z + 2, 4*d + 8 = 0. What is the units digit of (-8 + z)/((-8)/160)?
0
Let g(a) = 3*a**2 - 23*a - 26. What is the units digit of g(21)?
4
What is the tens digit of (5 + -6)/((-5)/860)?
7
Let p be 2/(-5)*(-14 + 9). Suppose 3*r + p*a - 18 = 6*a, 0 = 3*a. Suppose -42 = -g + 2*v, 3*v + 41 = 7*g - r*g. What is the units digit of g?
4
What is the units digit of (-8)/(-6) - (-638)/66?
1
Let w be 10*1/(-2) + 161. Suppose -2*s - 38 = -w. What is the units digit of s?
9
Let j = 66 - 36. Let y = j + 27. Suppose 2*g = 5*g - y. What is the tens digit of g?
1
Let l be (-4 - -6)*(-1 - 5). Let q(n) = -7*n - 24. What is the units digit of q(l)?
0
What is the tens digit of -60*(-276)/18 - 50/(-10)?
2
Suppose 4*u - y = y - 92, 55 = -3*u + 5*y. Let w = 26 + -64. Let q = u - w. What is the units digit of q?
3
Let a(x) = x**3 - 4*x**2 - x + 9. Suppose -19*l + 14*l = -20. What is the units digit of a(l)?
5
Let u(i) = -6*i + 4. Let l be ((-90)/12)/(9/12). What is the units digit of u(l)?
4
Suppose 0 = -4*j + 103 - 3. Let a = 47 - j. Let o = a - -3. What is the units digit of o?
5
What is the hundreds digit of (-8565)/(-20) + 27/(-108)?
4
Let c(i) = -i**2 - 12*i - 1. Let a be c(-6). What is the units digit of 1 + (-25)/a + (-556)/(-14)?
0
Let f = -100 + 268. What is the units digit of f?
8
Let v be (6/12)/(1/4). Suppose 4 = -v*d + 4*d. Suppose -5*i - d*r = -287, i + 2*i = 5*r + 197. What is the tens digit of i?
5
Let d = 0 - -2. Let i = d + -8. What is the units digit of 0 - 3 - 72/i?
9
Suppose 3*p - 2304 = -3*v, -4*p + 3*v = -0*v - 3100. What is the units digit of p?
2
Let q = 1113 - 881. What is the tens digit of q?
3
Suppose 0 = -z + 4 + 2. Suppose 4 = z*c - 2*c. What is the tens digit of (c*16 - 3) + 1?
1
Let h(q) = 72*q**2 + 11*q + 34. What is the units digit of h(-6)?
0
Let s(v) = -3*v - 2. Let r be 5/2 - (-3)/6. Suppose 2*o + 75 = -3*o + 5*q, 56 = -4*o + r*q. What is the tens digit of s(o)?
3
Let x(d) = -d**2 - 63*d + 7. What is the hundreds digit of x(-3)?
1
Let a(k) = k**2 + 11*k - 12. Let b be a(-12). Suppose 0 = 4*m - b*m - 12. Suppose -m*u - u + 84 = 0. What is the tens digit of u?
2
Suppose 8 + 0 = 2*k. Suppose -k*n + 0*i = 3*i - 4, 5*n - 5*i = 40. Suppose -n*x + 93 - 1 = 0. What is the units digit of x?
3
Let b(z) be the first derivative of z**4/4 - 7*z**3/3 - 9*z**2/2 + 10*z - 25. What is the units digit of b(8)?
2
Let z = -30 - -72. What is the units digit of 2/(-6) - (-1652)/z?
9
Let o(k) = 6*k - 4. Let c be o(1). Suppose -126 = -5*a + c*w + 54, -2*w = a - 24. What is the tens digit of a?
3
Let q be (-9)/(-4) + 2/(-8). Suppose -4*x + 8 = 2*s, -x = 3*s + q*x - 24. Suppose -f = -0*f + 4*b - s, 0 = 5*f - 5*b - 160. What